0, -3*g + 5 = 2. Let m(p) = -1. Let f(n) = z*m(n) - x(n). What is f(-1)?
-5
Let q(h) be the first derivative of -h**4/4 + 11*h**3/3 - h**2/2 - 9*h - 227. Determine q(11).
-20
Let n(k) = -2*k**2 - 2*k + 13 - 19 + 10. Determine n(-4).
-20
Let l = -10968 - -10966. Let w(f) = 6*f - 6. Let p(g) = 2*g - 2. Let z(m) = -16*p(m) + 5*w(m). What is z(l)?
6
Let g(r) = 1495 - 742 - 751 - 4*r. Let y(c) = c**3 + 7*c**2 + 8*c + 5. Let f be y(-6). Determine g(f).
30
Let p(m) = m**2 + 6*m + 6. Let u(o) = -8*o + 41. Let f be u(6). Let l be (-2 - f)*-1*1. Determine p(l).
1
Let b(z) = z**2 - 5*z + 5. Let h(v) = v**3 + 2*v**2 - v + 2. Let x be h(-2). Let r be b(x). Let f(u) = 0 + 1 + 24*u + 206*u - 221*u. What is f(r)?
10
Let r(v) = -28*v + 1 + 5 + 36*v - 9*v. Calculate r(13).
-7
Let t(w) = 2*w**3 + 2*w**2 - 3*w - 3. Let q = 136 - 138. Calculate t(q).
-5
Let i(c) = c**2 - 4*c + 1 + 5*c + 7*c**2 + 3*c**2. Suppose -2*l + l - 13 = -3*f, 0 = 2*f - 3*l - 18. Let o be (f - (-6)/(-3))*-1. Give i(o).
11
Let r = -16 + 17. Let i(g) = -14*g + r + 0*g**3 + 2*g**3 + 15*g - g**2. Determine i(-1).
-3
Suppose -y - 6*r + 18 = -2*r, 3*y - 3*r + 21 = 0. Let t(h) be the second derivative of h**4/6 + h**3/3 + 3*h**2/2 - 5*h + 60. Give t(y).
7
Let v be (16/(-24))/((-2)/(-3)). Let l be (2 + -3 + 0)*v*2. Let g(t) = t**3 - 3*t**2 + 2. Give g(l).
-2
Let h(w) = -2*w**2 - 4*w - 2. Let s(b) = -4*b**2 + 2*b - 2. Let m(v) = v**2 - v + 1. Let j(u) = -3*m(u) - s(u). Let k(p) = -h(p) - j(p). What is k(-6)?
21
Suppose -37*o + 45*o + 56 = 0. Let d(w) = -4*w - 13. What is d(o)?
15
Let o(x) = -x - 18. Suppose -19 = 2*i - 1. Let g be (-1)/2*(i + 9). Give o(g).
-18
Let b(x) = 5*x**3 - 31*x**2 + 16*x + 9. Let n(s) = -s**3 + 6*s**2 - 3*s - 2. Let a(t) = -2*b(t) - 11*n(t). Let j(v) = -v - 6. Let l be j(-9). What is a(l)?
-2
Suppose 0 = 3*w - 5*f - 12, 0*f = 5*w + 3*f + 14. Let t be -3*(20/12)/w. Suppose 3*d = 3*g - 7*g + 11, -t*g = -d + 10. Let n(a) = 6*a - 1. Determine n(g).
-7
Let l(c) = 3*c - 8. Let u(p) = 2*p - 7. Suppose -16 = -2*v + 6*v. Let o(r) = v*u(r) + 3*l(r). Let a(f) = 3*f**3 - f**2 - f - 1. Let m be a(-1). Determine o(m).
0
Let o(z) = -10*z**2 + z**2 - 6 + 8*z**2. Let s = 10 + -11. Let q = -1 - s. What is o(q)?
-6
Let x = 93 - 94. Let w(t) = 3*t. What is w(x)?
-3
Let u(z) = 2*z**2 + 14*z + 33. Let r be u(-6). Suppose 5*s = r - 1. Let q(w) = -w**2 + 7*w - 3. What is q(s)?
9
Let u = -77 - -82. Let l(j) = 2*j - 3 - u*j - 4*j + 6*j. Give l(5).
-8
Let a(s) = 7*s + 9. Let q = -178 + 185. Determine a(q).
58
Let j(h) = -22*h - 7 + 8 - h. Let q be j(-1). Suppose -4*a + 0*a = q. Let v(f) = -f**2 - 5*f - 1. Give v(a).
-7
Let i(x) = 2*x**2 - 2*x - 1. Let z(o) = 7*o**2 - 4*o - 10. Let y(h) = 4*i(h) - z(h). Let f(r) = -6*r**3 - 1. Let g be f(-1). Give y(g).
11
Let q(f) be the first derivative of f**2/2 + 12*f - 155. Give q(0).
12
Suppose 4*t - 21 = -f, -23 = -4*f - 3. Let h(x) = 10*x + 3. What is h(t)?
43
Let b = 56 - 39. Let z(y) = -8*y - y**3 + 19 + 8*y**2 - 45 + 18 + b. What is z(7)?
2
Let z be (1/(-2))/(-5*(-3)/(-1260)). Suppose 29*u - z = 36*u. Let s(w) = w**3 + 6*w**2 - w + 5. What is s(u)?
11
Let v(o) = -14*o**2 + 7*o - 18. Let p(h) = -5*h**2 + 2*h - 6. Suppose 44 = -3*j + 11. Let q(m) = j*p(m) + 4*v(m). Let g = -1 + 6. Calculate q(g).
-1
Let s(p) be the third derivative of 0*p + 5/24*p**4 + 13*p**2 + 1/60*p**5 + 1/2*p**3 + 0. Let x be 17/(-3) + (-2)/(-3). What is s(x)?
3
Let p(n) = -5*n**2. Let r be p(1). Let y(g) be the first derivative of -42 - 3*g + 1/2*g**2. Determine y(r).
-8
Let b(s) = -2*s**3 + 16*s**2 - 7*s + 64. Let o be b(8). Let g(m) be the first derivative of 0*m**2 - 6 - o*m - 1/3*m**3. Calculate g(0).
-8
Let g(v) be the second derivative of v**3/6 - v**2 + 7*v. Let c(h) = -3*h**2 + 7*h + 12. Let w be c(3). Give g(w).
4
Let n(m) be the first derivative of -m**4/4 + m**2/2 + 15*m + 33. Let c be 354/(-42) - 8/14. Let g be 0*(0 + (-3)/c). Determine n(g).
15
Suppose -10 = 2*j - 3*j - 4*d, 4*d - 16 = -4*j. Let x(h) = 5 - 2*h + 7*h - 3*h - j*h**2 - 4. Let k be 4/(-3)*6/(-4). Determine x(k).
-3
Let y(o) = 2*o**2 - 3*o - 4. Suppose -2*s - 18 = -8*s. Give y(s).
5
Let t(d) = 3*d + 1. Suppose 5*h = -127 + 97. Let v be (h/4)/(4/8). What is t(v)?
-8
Let i(d) = 2*d + 1. Let j(z) = 6*z - 10. Let w(l) = -13*l + 20. Let n(o) = 9*j(o) + 4*w(o). Let a = 423 - 415. Let r be n(a). Give i(r).
13
Let v(w) = -8*w - w + 3 + 2*w - w**2. Suppose 0 = -3*p - 3*q - 17 + 2, -3*q = -3*p - 21. Give v(p).
9
Suppose 5*q - 35 + 15 = 0. Let i(u) = u**2 - 5*u + 2. Let l be i(q). Let t(j) = -3*j - j**3 + 6 - 3 - 3*j**2 - 5. Give t(l).
0
Let l(d) = -d - 1. Let c(f) = f**3 + 5*f**2 - 3. Let t = -3 - 2. Let k be c(t). Let j be (4 - 7)/(k/4). Give l(j).
-5
Let t = -1838 - -1840. Let m(b) = b + 1. Calculate m(t).
3
Let t be (13/2)/1 - 33/22. Let n(h) = -5*h + 6. What is n(t)?
-19
Suppose 5*z + 3*z - 16 = 0. Let d(s) = -2*s**2 + 8 + 7*s**2 - 10*s - z*s**2 - 4*s**2. Determine d(-10).
8
Let m = 246 - 252. Let u(q) = q**3 + 6*q**2 - 3*q - 3. Determine u(m).
15
Suppose -2*u - 2 = 0, -4*x + x + 16 = -u. Let c(b) = 2 - 5*b - 6*b + 8*b. Give c(x).
-13
Let t(d) = -d + 3. Let x = -247 - -242. Determine t(x).
8
Let l = -673 + 656. Let d(u) = u + 10. Calculate d(l).
-7
Let m be 6/6*(0 - 0). Let d(i) = 3*i**3 - 1 - 4*i + 10*i + m*i**3 - 4*i. Give d(1).
4
Let q(k) be the first derivative of k**4 - k + 325. Determine q(1).
3
Let v(q) be the first derivative of -q**4/12 - q**3/6 - q**2/2 + 7*q + 10. Let h(d) be the first derivative of v(d). Let k = -6 - -6. What is h(k)?
-1
Let v(x) be the second derivative of -2*x**3/3 + x**2 + x. Suppose -z = 4*t - 6, 4*t - 2*t = 2*z + 8. Let o be (1/z)/(1/4). Give v(o).
10
Let v(m) = m**2 + 14*m + 1. Let r be v(-9). Let q = -20 - r. Let o(g) = -q*g + 19*g + 19*g. Calculate o(-1).
-14
Let u(a) = a**3 + 4*a**2 + 2*a - 2. Let h be u(-2). Let i(r) be the second derivative of -r**4/12 + 54*r - 5. What is i(h)?
-4
Let g = -15 + 16. Suppose 4*h + 5*k = 23, 5*h + 4*k - 11 - 11 = 0. Let f(c) = -6*c**2 + h*c**2 - 3*c**2. Calculate f(g).
-7
Let u(q) be the first derivative of q**2/2 + 7*q + 183. Give u(-10).
-3
Let w(v) be the first derivative of -v + 19 + 2/3*v**3 + 0*v**2 - v**4. Suppose r = 5*x - 3, -4*x = r + 3 - 9. Determine w(x).
-3
Let b(s) = s**3 - 7*s**2 + 4*s - 1. Suppose 2*u + 9 = 3*z - u, 2*z - 4*u = 0. Calculate b(z).
-13
Let h = -3 + 5. Let l(r) = 0*r + r**h + r - r**3 + 3 + 2*r. Let t(z) = -z**2 - 4*z. Let a be t(-3). Determine l(a).
-6
Let w(r) be the first derivative of 3*r**2/2 - 2*r + 183. Give w(-4).
-14
Suppose 2*r + 2*g = 4*r - 54, 5*r + 5*g = 155. Let q = 29 - r. Suppose q = -13*a + 9*a + 8. Let b(n) = -n**2 - n + 2. Calculate b(a).
-4
Let q(t) be the third derivative of -12*t**2 + 0*t + 0 - 1/120*t**6 + 1/24*t**4 + 1/6*t**5 - 4/3*t**3. What is q(10)?
2
Let v(t) = 4*t - 17. Suppose -4 = -118*x + 117*x. Let p be v(x). Let i(n) = -16*n**2 + 1. What is i(p)?
-15
Let q(m) be the first derivative of 5*m**2/2 + 10*m - 153. What is q(-7)?
-25
Let r(g) be the first derivative of 0*g - 1/40*g**5 - 1/6*g**4 + 0*g**2 + 8 + 1/3*g**3. Let s(a) be the third derivative of r(a). Determine s(-3).
5
Suppose 0 = 8*g + 44 - 52. Suppose -2*k = -5*p - 13, -k - 8 = -4*k - 4*p. Let l(o) = -k*o**3 - 5*o**3 - o**3. Give l(g).
-10
Suppose 5*z - 5*i - 30 = 15, -z + 2*i + 14 = 0. Suppose 3*s - z = -s. Let c(q) be the second derivative of -7*q**3/6 + q**2/2 - 12*q. Give c(s).
-6
Let u(f) be the third derivative of -f**4/8 + 10*f**3/3 + 20*f**2 + 8*f. Calculate u(16).
-28
Let p(u) = u**3 + 9*u**2 - 9*u + 13. Let d be (-10)/(-20) - (-42)/(-4). Let c be p(d). Let a(h) = -5 - 5 + h**2 + 3 - h**c + 5 - h. Give a(2).
-8
Let a(c) = 8*c**3 - 7*c**2 - 12*c + 11. Let o(f) = -7*f**3 + 6*f**2 + 10*f - 10. Let g(b) = -6*a(b) - 7*o(b). Calculate g(0).
4
Suppose 12 + 2 = 7*t. Let d(u) = 2*u - 1 - 3*u - t*u - u**2 + 8*u. Determine d(5).
-1
Suppose -8*k - 72 = -96. Let g(r) = -r**3 + 2*r**2 + r + 7. Calculate g(k).
1
Suppose 3*f = -f + 2*h + 8, -4*h = -5*f + 10. Let m(r) = 19*r**f - 5*r - 18*r**2 + r + 4. Calculate m(5).
9
Let l(r) = -r - 7. Let m(f) be the third derivative of f**4/12 + 13*f**3/6 + 12*f**2. Let g(z) = 5*l(z) + 3*m(z). What is g(-2)?
2
Let j(s) = s - 10. Let d be j(12). Let f(c) be the second derivative of 0*c**d + 0 + 2/3